{"id":65,"date":"2013-01-18T21:50:18","date_gmt":"2013-01-18T21:50:18","guid":{"rendered":"http:\/\/zurnalsiepirkumi.lv\/?page_id=65"},"modified":"2024-04-11T16:09:08","modified_gmt":"2024-04-11T14:09:08","slug":"par-mums","status":"publish","type":"page","link":"https:\/\/zurnalsiepirkumi.lv\/?page_id=65","title":{"rendered":"Par mums"},"content":{"rendered":"<p><strong>No 2019. gada \u017eurn\u0101ls ir pieejams las\u012bt\u0101jiem bez maksas tikai elektronisk\u0101 vid\u0113.<\/strong><\/p>\n<p><strong>K\u0101p\u0113c radies \u017eurn\u0101ls <em>Iepirkumi<\/em>?<\/strong><\/p>\n<p>Nekas nenotiek t\u0101pat vien. Daba m\u012bl l\u012bdzsvaru \u2013 ja iepirkumu proced\u016bras k\u013c\u016bst arvien sare\u017e\u0123\u012bt\u0101kas, profesion\u0101l\u0101kas, daudzskaitl\u012bg\u0101kas, tad vajadz\u012bgs \u017eurn\u0101ls <em>Iepirkumi<\/em>, kas izskaidro sare\u017e\u0123\u012bto, atkl\u0101j noklus\u0113to, zi\u0146o par jaunumiem, izmai\u0146\u0101m normat\u012bvajos aktos, bie\u017e\u0101k pie\u013cautaj\u0101m k\u013c\u016bd\u0101m iepirkumu procesos un iepaz\u012bstina ar cilv\u0113kiem, kam iepirkumi ir ikdiena.<\/p>\n<p>Vienl\u012bdz svar\u012bgi mums, \u017eurn\u0101la veidot\u0101jiem, ir iepirkumu pas\u016bt\u012bt\u0101ji un pieg\u0101d\u0101t\u0101ji, un m\u0113s par savu uzdevumu uzskat\u0101m veicin\u0101t inform\u0101cijas apmai\u0146u starp ab\u0101m pus\u0113m. \u017durn\u0101ls ikvienam no vi\u0146iem, ar\u012b ies\u0101c\u0113jiem, \u013cauj saprast, ko noz\u012bm\u0113 veidot publiskos un priv\u0101tos iepirkumus, un piedal\u012bties tajos.<\/p>\n<p>\u017durn\u0101la <em>Iepirkumi<\/em>\u00a0 \u012bpa\u0161nieks ir SIA Libera.<\/p>\n","protected":false},"excerpt":{"rendered":"<p>No 2019. gada \u017eurn\u0101ls ir pieejams las\u012bt\u0101jiem bez maksas tikai elektronisk\u0101 vid\u0113. K\u0101p\u0113c radies \u017eurn\u0101ls Iepirkumi? Nekas nenotiek t\u0101pat vien. Daba m\u012bl l\u012bdzsvaru \u2013 ja iepirkumu proced\u016bras k\u013c\u016bst arvien sare\u017e\u0123\u012bt\u0101kas, profesion\u0101l\u0101kas, daudzskaitl\u012bg\u0101kas, tad vajadz\u012bgs \u017eurn\u0101ls Iepirkumi, kas izskaidro sare\u017e\u0123\u012bto, atkl\u0101j noklus\u0113to, zi\u0146o par jaunumiem, izmai\u0146\u0101m normat\u012bvajos aktos, bie\u017e\u0101k pie\u013cautaj\u0101m k\u013c\u016bd\u0101m iepirkumu procesos un iepaz\u012bstina ar [&hellip;]<\/p>\n","protected":false},"author":1,"featured_media":0,"parent":0,"menu_order":0,"comment_status":"closed","ping_status":"closed","template":"","meta":{"footnotes":""},"_links":{"self":[{"href":"https:\/\/zurnalsiepirkumi.lv\/index.php?rest_route=\/wp\/v2\/pages\/65"}],"collection":[{"href":"https:\/\/zurnalsiepirkumi.lv\/index.php?rest_route=\/wp\/v2\/pages"}],"about":[{"href":"https:\/\/zurnalsiepirkumi.lv\/index.php?rest_route=\/wp\/v2\/types\/page"}],"author":[{"embeddable":true,"href":"https:\/\/zurnalsiepirkumi.lv\/index.php?rest_route=\/wp\/v2\/users\/1"}],"replies":[{"embeddable":true,"href":"https:\/\/zurnalsiepirkumi.lv\/index.php?rest_route=%2Fwp%2Fv2%2Fcomments&post=65"}],"version-history":[{"count":10,"href":"https:\/\/zurnalsiepirkumi.lv\/index.php?rest_route=\/wp\/v2\/pages\/65\/revisions"}],"predecessor-version":[{"id":23338,"href":"https:\/\/zurnalsiepirkumi.lv\/index.php?rest_route=\/wp\/v2\/pages\/65\/revisions\/23338"}],"wp:attachment":[{"href":"https:\/\/zurnalsiepirkumi.lv\/index.php?rest_route=%2Fwp%2Fv2%2Fmedia&parent=65"}],"curies":[{"name":"wp","href":"https:\/\/api.w.org\/{rel}","templated":true}]}}